463 a composite number?
True
Is 170891 prime?
False
Is 574069 a composite number?
True
Is 221114279 prime?
False
Is 56607907 a prime number?
True
Is 2075989 a prime number?
False
Is 18384293 a prime number?
False
Is 6282449 prime?
False
Is 629242109 prime?
True
Is 85574777 a prime number?
True
Is 132491 a composite number?
False
Is 4256429 composite?
False
Is 1273823 prime?
True
Is 271603769 prime?
False
Is 1388329 prime?
False
Is 33165901 composite?
False
Is 53528299 a prime number?
False
Is 863582279 composite?
True
Is 109059935 a composite number?
True
Is 16912003 composite?
False
Is 1694837 a prime number?
True
Is 112188899 a prime number?
False
Is 1663957 a composite number?
True
Is 2038357 a prime number?
False
Is 4809097 composite?
False
Is 139563671 a composite number?
True
Is 194331911 prime?
True
Is 569915 a prime number?
False
Is 235337779 composite?
False
Is 67049351 composite?
False
Is 31704527 a prime number?
True
Is 322417651 composite?
False
Is 149344667 a composite number?
True
Is 317342033 prime?
False
Is 8881501 prime?
True
Is 100571437 prime?
True
Is 20921087 composite?
True
Is 48605569 a composite number?
True
Is 3845203 a composite number?
True
Is 11766097 a prime number?
False
Is 160709 a prime number?
True
Is 72905107 a composite number?
True
Is 690275167 a composite number?
False
Is 416260051 prime?
False
Is 4097329 composite?
True
Is 1146413 composite?
False
Is 117568819 prime?
True
Is 273004337 composite?
False
Is 3629537 prime?
True
Is 262066333 prime?
False
Is 10635197 composite?
False
Is 2438389 a composite number?
True
Is 3795149 prime?
True
Is 79573 a prime number?
False
Is 5141551 a composite number?
True
Is 2417393 prime?
False
Is 1239943 composite?
False
Is 176748487 prime?
False
Is 1396366 composite?
True
Is 16339157 composite?
False
Is 3875191 a composite number?
True
Is 15504739 a prime number?
False
Is 2548253 a composite number?
True
Is 4324079 a composite number?
True
Is 44509099 prime?
False
Is 108978887 a composite number?
False
Is 6585389 composite?
True
Is 21990769 prime?
True
Is 65949181 a composite number?
False
Is 4778009 a prime number?
True
Is 46403003 a composite number?
True
Is 57358271 a composite number?
True
Is 4853929 a prime number?
False
Is 298297322 composite?
True
Is 324418 prime?
False
Is 7854319 composite?
True
Is 33496679 a prime number?
False
Is 3827489 a composite number?
False
Is 7705667 a prime number?
False
Is 68825213 prime?
False
Is 2749387 prime?
True
Is 20444029 composite?
True
Is 1358993 a composite number?
False
Is 117842 prime?
False
Is 9483307 a prime number?
True
Is 2780149 composite?
False
Is 245155811 a prime number?
True
Is 3390617 a composite number?
True
Is 8570441 prime?
False
Is 4498453 a composite number?
False
Is 288135409 a prime number?
False
Is 9114991 prime?
True
Is 7342561 a prime number?
False
Is 118631 a composite number?
True
Is 25497499 composite?
True
Is 30614723 a prime number?
True
Is 33405467 a prime number?
True
Is 601712011 prime?
True
Is 20917643 composite?
False
Is 145729453 a composite number?
False
Is 472741 composite?
False
Is 3409709 a prime number?
False
Is 54036677 composite?
False
Is 58765267 a composite number?
True
Is 276575953 composite?
False
Is 526531 prime?
True
Is 381911 a composite number?
False
Is 1124423 a prime number?
True
Is 885907 a prime number?
False
Is 19105859 composite?
False
Is 570769 a prime number?
False
Is 5340029 a composite number?
True
Is 518743991 prime?
False
Is 2520769 a composite number?
False
Is 64299133 composite?
False
Is 192949 a composite number?
False
Is 6223135 a composite number?
True
Is 102469177 a composite number?
False
Is 18307031 a composite number?
True
Is 34604573 a prime number?
True
Is 47800283 prime?
True
Is 7759547 composite?
False
Is 10544903 prime?
True
Is 32329111 a prime number?
False
Is 4797187 a prime number?
False
Is 512283931 prime?
True
Is 27765993 prime?
False
Is 12606037 a composite number?
True
Is 2625947 composite?
False
Is 810949 composite?
False
Is 56634853 a composite number?
True
Is 1540877 prime?
False
Is 88724213 prime?
True
Is 34377121 prime?
True
Is 73662109 composite?
False
Is 15172723 prime?
True
Is 506911 a composite number?
False
Is 87366043 a prime number?
False
Is 686142817 composite?
True
Is 735047 composite?
True
Is 418584323 composite?
True
Is 68644451 prime?
False
Is 796555 a composite number?
True
Is 121061433 a composite number?
True
Is 3117059 a composite number?
True
Is 5223343 a composite number?
False
Is 33386891 prime?
False
Is 834113477 a prime number?
True
Is 16590229 a prime number?
False
Is 165037 a composite number?
False
Is 177976427 composite?
False
Is 3764291 a composite number?
False
Is 5745659 a prime number?
True
Is 4766213 a composite number?
False
Is 7390451 a prime number?
True
Is 30684193 prime?
False
Is 247829 a composite number?
False
Is 252992917 a prime number?
True
Is 194213381 prime?
True
Is 181383107 a composite number?
True
Is 465288871 a prime number?
True
Is 5630833 prime?
False
Is 15063397 prime?
False
Is 55755911 composite?
True
Is 5093201 a prime number?
True
Is 5837687 a composite number?
False
Is 128162035 prime?
False
Is 2003143 a composite number?
True
Is 19821637 composite?
True
Is 1839881 a composite number?
True
Is 55507 prime?
False
Is 371218951 a composite number?
True
Is 84033809 composite?
False
Is 697439 composite?
True
Is 369671219 a prime number?
False
Is 307225715 a composite number?
True
Is 9901517 prime?
False
Is 532447 a composite number?
False
Is 15037987 composite?
True
Is 905741 prime?
False
Is 14683 prime?
True
Is 820823 composite?
True
Is 103038739 composite?
True
Is 20669339 prime?
True
Is 15017941 prime?
True
Is 8124297 prime?
False
Is 1113937 prime?
False
Is 80844787 a composite number?
False
Is 36267323 a prime number?
False
Is 20928203 a prime number?
False
Is 866623 a composite number?
False
Is 11593367 composite?
True
Is 95297411 a composite number?
True
Is 2945287 a prime number?
True
Is 25014118 a composite number?
True
Is 9817187 a prime number?
False
Is 511013887 a composite number?
True
Is 3606089 a prime number?
True
Is 1560574 a composite number?
True
Is 76810919 composite?
False
Is 308773 a composite number?
False
Is 3141139 composite?
False
Is 18758893 a composite number?
False
Is 25036849 composite?
False
Is 49073873 composite?
False
Is 992039 composite?
True
Is 40295666 a prime number?
False
Is 263164274 prime?
False
Is 119702251 composite?
False
Is 84619333 a composite number?
True
Is 20498129 a prime number?
False
Is 41854411 prime?
False
Is 87468053 prime?
True
Is 481541 prime?
False
Is 493480201 a prime number?
True
Is 1146037 composite?
False
Is 2056567 a prime number?
False
Is 415627 a prime number?
True
Is 210434569 prime?
True
Is 2915831 a composite number?
False
Is 20291489 a composite number?
True
Is 2885737 composite?
True
Is 20931953 prime?
False
Is 73729433 composite?
False
Is 7789199 a composite number?
True
Is 122308987 prime?
False
Is 2739889 prime?
False
Is 1649489 a composite number?
False
Is 2801233 prime?
False
Is 253471 a prime number?
False
Is 164785151 prime?
True
Is 7948229 a prime number?
False
Is 10386637 prime?
True
Is 6606293 composite?
False
Is 155581457 a composite number?
False
Is 41327089 prime?
True
Is 76323769 composite?
False
Is 33845909 prime?
True
Is 225974321 prime?
False
Is 9772601 a prime number?
True
Is 59290505 a composite number?
True
Is 6143861 a composite number?
False
Is 3498467 prime?
False
Is 1879151 prime?
True
Is 41615507 a prime number?
False
Is 708613 a composite number?
True
Is 26029769 prime?
False
Is 117226787 a prime number?
False
Is 10399013 composite?
True
Is 2227991 a composite number?
True
Is 14204687 a composite number?
True
Is 4998211 a prime number?
True
Is 436559 a composite number?
True
Is 20724563 prime?
True
Is 8820491 a prime number?
False
Is 131852803 prime?
True
Is 7642963 a composite number?
False
Is 36330533 a composite number?
True
Is 2799233 prime?
True
Is 14229209 a prime number?
False
Is 576828235 composite?
True
Is 3244441 a composite number?
False
Is 14231623 composite?
True
Is 1167589 composite?
True
Is 128747 a prime number?
True
Is 4229714 prime?
False
Is 5165239 a prime number?
False
Is 13205509 c